{"id":150,"date":"2024-06-06T17:23:22","date_gmt":"2024-06-06T15:23:22","guid":{"rendered":"https:\/\/www.eugeniechidlin.com\/?page_id=150"},"modified":"2024-11-26T02:57:14","modified_gmt":"2024-11-26T01:57:14","slug":"accueil","status":"publish","type":"page","link":"https:\/\/www.eugeniechidlin.com\/","title":{"rendered":"Accueil"},"content":{"rendered":"<div class=\"wp-block-image\">\n<figure class=\"alignright size-full is-resized\"><img loading=\"lazy\" decoding=\"async\" width=\"768\" height=\"768\" src=\"https:\/\/www.eugeniechidlin.com\/wp-content\/uploads\/2024\/11\/japan_lifestyle.jpg\" alt=\"\" class=\"wp-image-224\" style=\"width:415px;height:auto\" srcset=\"https:\/\/www.eugeniechidlin.com\/wp-content\/uploads\/2024\/11\/japan_lifestyle.jpg 768w, https:\/\/www.eugeniechidlin.com\/wp-content\/uploads\/2024\/11\/japan_lifestyle-300x300.jpg 300w, https:\/\/www.eugeniechidlin.com\/wp-content\/uploads\/2024\/11\/japan_lifestyle-150x150.jpg 150w, https:\/\/www.eugeniechidlin.com\/wp-content\/uploads\/2024\/11\/japan_lifestyle-435x435.jpg 435w, https:\/\/www.eugeniechidlin.com\/wp-content\/uploads\/2024\/11\/japan_lifestyle-60x60.jpg 60w\" sizes=\"(max-width: 768px) 100vw, 768px\" \/><figcaption class=\"wp-element-caption\"><sup>Cr\u00e9dit photo : Ana\u00efs Novembre pour Japan Lifestyle<\/sup><\/figcaption><\/figure><\/div>\n\n\n<p><br>Eug\u00e9nie Chidlin est autrice, sc\u00e9nariste, directrice artistique, conf\u00e9renci\u00e8re, chanteuse et cosplayeuse.<\/p>\n\n\n\n<p>Apr\u00e8s des \u00e9tudes en Arts du Spectacle \u00e0 l&rsquo;universit\u00e9 de Paris X, elle prend des cours de chant lyrique aupr\u00e8s du chanteur d&rsquo;op\u00e9ra <a href=\"https:\/\/fr.wikipedia.org\/wiki\/Jos%C3%A9_Todaro\">Jos\u00e9 Todaro<\/a>, puis de l&rsquo;actrice et chanteuse <a href=\"https:\/\/fr.wikipedia.org\/wiki\/Rona_Hartner\">Rona Hartner<\/a>. C&rsquo;est Jos\u00e9 Todaro qui la pousse \u00e0 participer \u00e0 ses premiers concours. En 2004, elle arrive en demi-finale du prestigieux Prix Charles Tr\u00e9net avec sa premi\u00e8re composition, <em>A Fleur de Peau<\/em>, puis remporte le prix du public au Festival International de la Chanson russophone en 2007, auquel participent 50 pays.<br><br>A 27 ans, elle publie chez Hugo et Cie son premier roman <em>Blood Story<\/em> (dont les droits cin\u00e9matographiques sont achet\u00e9s par le studio D&rsquo;Imagination), suivi 3 ans plus tard par l&rsquo;album de belles images <em>Cosplay<\/em>, r\u00e9alis\u00e9 en collaboration avec le photographe <a href=\"https:\/\/andyjulia.net\/\">Andy Julia<\/a>. Premier ouvrage sur le cosplay en France, il a re\u00e7u une couverture m\u00e9diatique consid\u00e9rable et a aid\u00e9 \u00e0 faire reconna\u00eetre la pratique du cosplay comme un art complexe et pluridisciplinaire aux yeux du grand public.<\/p>\n\n\n\n<p>Elle se tourne ensuite vers l&rsquo;\u00e9criture d&rsquo;\u00e9v\u00e9nements immersifs (jeux de r\u00f4le grandeur nature <em>Les Echos de Silent Hall<\/em> et <em>l&rsquo;Orph\u00e9linat<\/em>). En 2013, elle fonde le Grand Bal Cosplay, un \u00e9v\u00e9nement costum\u00e9 et sc\u00e9naris\u00e9 qui se tient r\u00e9guli\u00e8rement au Manoir de Longuelune et qui attire des participants venus de toute l&rsquo;Europe. Elle y tient tour \u00e0 tour le r\u00f4le de directrice artistique, sc\u00e9nariste, performeuse et ma\u00eetresse de c\u00e9r\u00e9monie, en abordant des th\u00e8mes aussi vari\u00e9s que <em>Princesse Sara<\/em> (bas\u00e9 sur la BD d&rsquo;<a href=\"https:\/\/fr.wikipedia.org\/wiki\/Audrey_Alwett\">Audrey Alwett<\/a> et <a href=\"https:\/\/www.babelio.com\/auteur\/Nora-Moretti\/91824\">Nora Moretti<\/a>), <em>Alice au Pays des Merveilles<\/em> ou encore <em>le Casse-Noisette<\/em>. Chacun de ces \u00e9v\u00e9nements repr\u00e9sente un univers \u00e0 l&rsquo;intrigue riche et complexe, dont la r\u00e9solution d\u00e9pend enti\u00e8rement des choix des participants.<\/p>\n\n\n\n<p>En 2022, en partenariat avec les \u00e9ditions Drakoo, elle \u00e9labore un escape-game puis un jeu de r\u00f4le grandeur nature, dont l&rsquo;intrigue se d\u00e9roule dans l&rsquo;univers de la BD <em>Le Jardin des F\u00e9es<\/em>, d&rsquo;Audrey Alwett et Nora Moretti.<br><br>Elle pr\u00e9sente actuellement un cycle de conf\u00e9rences sur le th\u00e8me <em>Femmes r\u00e9elles, cr\u00e9atures mythiques<\/em>, hommage vibrant aux femmes inspiratrices au fil des si\u00e8cles, o\u00f9 le r\u00e9el vient se m\u00ealer au merveilleux.<\/p>\n","protected":false},"excerpt":{"rendered":"<p>Eug\u00e9nie Chidlin est autrice, sc\u00e9nariste, directrice artistique, conf\u00e9renci\u00e8re, chanteuse et cosplayeuse. Apr\u00e8s des \u00e9tudes en Arts du Spectacle \u00e0 l&rsquo;universit\u00e9 de Paris X, elle prend des cours de chant lyrique aupr\u00e8s du chanteur d&rsquo;op\u00e9ra Jos\u00e9 Todaro, puis de l&rsquo;actrice et chanteuse Rona Hartner. C&rsquo;est Jos\u00e9 Todaro qui la pousse \u00e0 participer \u00e0 ses premiers concours. &hellip; <\/p>\n","protected":false},"author":1,"featured_media":0,"parent":0,"menu_order":0,"comment_status":"closed","ping_status":"closed","template":"","meta":{"footnotes":""},"_links":{"self":[{"href":"https:\/\/www.eugeniechidlin.com\/index.php\/wp-json\/wp\/v2\/pages\/150"}],"collection":[{"href":"https:\/\/www.eugeniechidlin.com\/index.php\/wp-json\/wp\/v2\/pages"}],"about":[{"href":"https:\/\/www.eugeniechidlin.com\/index.php\/wp-json\/wp\/v2\/types\/page"}],"author":[{"embeddable":true,"href":"https:\/\/www.eugeniechidlin.com\/index.php\/wp-json\/wp\/v2\/users\/1"}],"replies":[{"embeddable":true,"href":"https:\/\/www.eugeniechidlin.com\/index.php\/wp-json\/wp\/v2\/comments?post=150"}],"version-history":[{"count":19,"href":"https:\/\/www.eugeniechidlin.com\/index.php\/wp-json\/wp\/v2\/pages\/150\/revisions"}],"predecessor-version":[{"id":241,"href":"https:\/\/www.eugeniechidlin.com\/index.php\/wp-json\/wp\/v2\/pages\/150\/revisions\/241"}],"wp:attachment":[{"href":"https:\/\/www.eugeniechidlin.com\/index.php\/wp-json\/wp\/v2\/media?parent=150"}],"curies":[{"name":"wp","href":"https:\/\/api.w.org\/{rel}","templated":true}]}}